s 117 (base 9) in base 7?
166
Convert 31 (base 5) to base 2.
10000
-40 (base 9) to base 3
-1100
Convert 69 (base 15) to base 5.
344
What is -6a (base 14) in base 3?
-10111
-130 (base 4) to base 5
-103
What is -11 (base 2) in base 9?
-3
2 (base 14) to base 8
2
3 (base 16) to base 11
3
What is 1 (base 11) in base 5?
1
Convert 0 (base 16) to base 11.
0
-1a (base 13) to base 15
-18
10 (base 5) to base 8
5
-2a (base 11) to base 6
-52
Convert 110 (base 3) to base 13.
c
What is 2 (base 8) in base 13?
2
What is -35 (base 8) in base 16?
-1d
13 (base 7) to base 11
a
Convert 3 (base 6) to base 14.
3
What is 8 (base 10) in base 13?
8
b (base 15) to base 16
b
1010100 (base 2) to base 6
220
Convert 38 (base 9) to base 2.
100011
Convert 1 (base 8) to base 4.
1
What is 1 (base 7) in base 12?
1
Convert 12 (base 14) to base 9.
17
2 (base 13) to base 7
2
Convert 10 (base 2) to base 13.
2
What is -100100 (base 2) in base 4?
-210
Convert -317 (base 9) to base 13.
-16c
5 (base 15) to base 16
5
Convert -82 (base 12) to base 15.
-68
Convert 4 (base 11) to base 16.
4
What is -153 (base 11) in base 12?
-12b
2 (base 16) to base 13
2
122 (base 3) to base 8
21
11011 (base 2) to base 5
102
Convert 125 (base 8) to base 10.
85
-100 (base 2) to base 14
-4
-2 (base 6) to base 13
-2
What is -2 (base 4) in base 13?
-2
Convert 2214 (base 5) to base 2.
100110101
What is 2 (base 12) in base 6?
2
Convert 17 (base 13) to base 15.
15
What is bd (base 16) in base 12?
139
Convert -10 (base 4) to base 12.
-4
Convert 13 (base 9) to base 11.
11
-2100 (base 4) to base 6
-400
-10000010 (base 2) to base 6
-334
-14 (base 16) to base 10
-20
Convert -305 (base 6) to base 2.
-1110001
What is 6 (base 14) in base 10?
6
Convert -3a (base 14) to base 4.
-310
Convert 8 (base 12) to base 3.
22
Convert -1 (base 7) to base 6.
-1
Convert 78 (base 9) to base 6.
155
What is -b (base 15) in base 3?
-102
What is -50 (base 12) in base 14?
-44
-13 (base 10) to base 5
-23
What is 14 (base 11) in base 7?
21
Convert 8f (base 16) to base 8.
217
-1244 (base 5) to base 7
-403
-5 (base 13) to base 2
-101
-422 (base 8) to base 4
-10102
Convert -122 (base 4) to base 14.
-1c
Convert 1d (base 15) to base 12.
24
Convert 112 (base 5) to base 7.
44
What is -2 (base 16) in base 7?
-2
What is -227 (base 13) in base 6?
-1415
What is -35 (base 8) in base 15?
-1e
What is 15 (base 13) in base 14?
14
-2 (base 8) to base 3
-2
Convert -34 (base 5) to base 9.
-21
110 (base 9) to base 6
230
What is -b7 (base 12) in base 16?
-8b
What is -4 (base 10) in base 3?
-11
Convert -9 (base 13) to base 14.
-9
Convert -42 (base 5) to base 6.
-34
-95 (base 12) to base 10
-113
10 (base 4) to base 16
4
Convert 4 (base 16) to base 14.
4
a (base 13) to base 6
14
Convert -80 (base 16) to base 6.
-332
Convert -2 (base 9) to base 2.
-10
Convert -22 (base 6) to base 14.
-10
4 (base 8) to base 12
4
What is -15 (base 8) in base 6?
-21
What is 1100010 (base 2) in base 12?
82
Convert -8 (base 16) to base 13.
-8
-88 (base 15) to base 7
-242
5 (base 6) to base 13
5
3 (base 6) to base 5
3
What is 1 (base 11) in base 4?
1
Convert 0 (base 12) to base 10.
0
What is 8 (base 13) in base 9?
8
-142 (base 7) to base 14
-59
-8 (base 12) to base 3
-22
3 (base 8) to base 10
3
-203 (base 5) to base 2
-110101
Convert 219 (base 11) to base 2.
100000110
Convert -38 (base 15) to base 3.
-1222
11 (base 2) to base 5
3
Convert -1001 (base 2) to base 15.
-9
29 (base 16) to base 2
101001
-14 (base 11) to base 10
-15
18 (base 16) to base 5
44
Convert 82 (base 9) to base 4.
1022
Convert -8 (base 9) to base 2.
-1000
What is 230 (base 6) in base 8?
132
-3 (base 10) to base 5
-3
What is -53 (base 8) in base 11?
-3a
Convert -11 (base 11) to base 12.
-10
Convert 435 (base 7) to base 16.
de
What is 16 (base 16) in base 14?
18
Convert -45 (base 6) to base 7.
-41
What is -12001 (base 3) in base 9?
-161
Convert 15 (base 7) to base 4.
30
Convert 2 (base 14) to base 8.
2
3 (base 5) to base 8
3
Convert -8 (base 14) to base 4.
-20
-2 (base 12) to base 5
-2
-83 (base 14) to base 9
-137
What is -55 (base 10) in base 3?
-2001
What is -10000 (base 2) in base 6?
-24
-5 (base 9) to base 7
-5
0 (base 14) to base 9
0
What is 1 (base 14) in base 13?
1
1 (base 4) to base 5
1
-10 (base 3) to base 14
-3
12 (base 5) to base 4
13
Convert 21 (base 13) to base 10.
27
What is 2 (base 8) in base 11?
2
Convert 11a (base 13) to base 16.
c0
1 (base 16) to base 14
1
What is -7 (base 10) in base 7?
-10
What is 105 (base 6) in base 15?
2b
Convert -b (base 13) to base 5.
-21
2 (base 6) to base 14
2
-4 (base 6) to base 11
-4
Convert a (base 12) to base 15.
a
Convert -111 (base 3) to base 10.
-13
-5 (base 8) to base 2
-101
Convert -5 (base 13) to base 10.
-5
Convert 8 (base 13) to base 14.
8
What is 1 (base 10) in base 5?
1
What is 21 (base 3) in base 15?
7
What is -1 (base 14) in base 6?
-1
Convert -10 (base 11) to base 16.
-b
Convert -56 (base 13) to base 14.
-51
What is -3 (base 7) in base 3?
-10
What is -3 (base 7) in base 8?
-3
What is 12 (base 4) in base 2?
110
2 (base 13) to base 6
2
15 (base 9) to base 13
11
What is e5 (base 16) in base 7?
445
What is -114 (base 6) in base 10?
-46
Convert 10 (base 3) to base 10.
3
Convert -5 (base 13) to base 12.
-5
30 (base 5) to base 7
21
What is c (base 16) in base 6?
20
What is -10 (base 5) in base 14?
-5
What is 20 (base 4) in base 16?
8
What is 172 (base 8) in base 3?
11112
What is -3 (base 15) in base 13?
-3
29 (base 15) to base 3
1110
-132 (base 7) to base 15
-4c
26 (base 7) to base 6
32
What is 10 (base 3) in base 8?
3
11 (base 12) to base 5
23
2 (base 7) to base 8
2
What is 163 (base 7) in base 15?
64
What is -17 (base 14) in base 11?
-1a
-16 (base 11) to base 14
-13
Convert -1000 (base 3) to base 14.
-1d
-2 (base 4) to base 6
-2
Convert 13 (base 15) to base 6.
30
Convert -6 (base 12) to base 16.
-6
What is 0 (base 16) in base 6?
0
Convert -12 (base 3) to base 15.
-5
What is 23 (base 9) in base 16?
15
Convert 12 (base 7) to base 14.
9
Convert -13 (base 9) to base 11.
-11
Convert 31 (base 7) to base 10.
22
What is 4 (base 15) in base 12?
4
411 (base 7) to base 2
11001100
5 (base 12) to base 9
5
What is 25 (base 14) in base 4?
201
What is -1 (base 6) in base 5?
-1
What is -4 (base 6) in base 15?
-4
1 (base 14) to base 6
1
-1100 (base 2) to base 4
-30
What is 12102 (base 3) in base 9?
172
1013 (base 4) to base 16
47
What is 30 (base 12) in base 3?
1100
Convert -2 (base 15) to base 3.
-2
What is -1014 (base 5) in base 12?
-b2
Convert 91 (base 10) to base 16.
5b
What is 3 (base 12) in base 13?
3
Convert 200 (base 4) to base 13.
26
Convert 3 (base 7) to base 4.
3
Convert 195 (base 13) to base 9.
353
Convert -1 (base 2) to base 16.
-1
Convert 3 (base 14) to base 6.
3
Convert 10e (base 16) to base 10.
270
Convert -32 (base 11) to base 3.
-1022
What is 2 (base 9) in base 14?
2
Convert -1d (base 14) to base 3.
-1000
What is -58 (base 11) in base 3?
-2100
111 (base 9) to base 2
1011011
-14 (base 5) to base 2
-1001
What is -2 (base 6) in base 13?
-2
What is 1c9 (base 14) in base 3?
111211
10 (base 3) to base 8
3
Convert -1103 (base 5) to base 6.
-413
What is -2 (base 9) in base 8?
-2
Convert -1a (base 16) to base 9.
-28
Convert -1d (base 16) to base 4.
-131
1 (base 2) to base 9
1
-2 (base 14) to base 12
-2
Convert 2 (base 6) to base 4.
2
-1102 (base 3) to base 5
-123
18 (base 12) to base 3
202
Convert 252 (base 7) to base 9.
160
Convert -10010 (base 4) to base 8.
-404
Convert 1 (base 11) to base 10.
1
Convert -3 (base 13) to base 11.
-3
What is 13 (base 9) in base 13?
c
6 (base 7) to base 10
6
What is -16 (base 10) in base 2?
-10000
Convert 10 (base 2) to base 11.
2
Convert -15 (base 11) to base 6.
-24
-51 (base 11) to base 13
-44
20010 (base 3) to base 9
203
10 (base 16) to base 15
11
What is 8 (base 16) in base 11?
8
What is -32 (base 6) in base 13?
-17
What is -131 (base 9) in base 2?
-1101101
What is -30 (base 4) in base 7?
-15
What is -11 (base 11) in base 15?
-c
Convert -11 (base 2) to base 3.
-10
What is 43 (base 12) in base 7?
102
What is 5 (base 9) in base 4?
11
Convert 0 (base 10) to base 15.
0
Convert -1 (base 9) to base 13.
-1
Convert 14 (base 10) to base 5.
24
What is 3 (base 16) in base 2?
11
Convert -313 (base 6) to base 8.
-165
Convert 2b (base 15) to base 13.
32
C